 11
227
What is 10313003 (base 4) in base 3?
1000022022
What is -10220 (base 8) in base 6?
-31344
12023213 (base 4) to base 10
25319
-1339 (base 11) to base 5
-23421
Convert 6773 (base 9) to base 13.
2382
Convert -11103002 (base 4) to base 7.
-120155
-11422 (base 5) to base 7
-2341
1091 (base 13) to base 15
a45
What is 19725 (base 15) in base 3?
11012022122
4769 (base 13) to base 11
7614
-130c8 (base 13) to base 9
-53400
What is 10234 (base 5) in base 4?
22312
6b (base 15) to base 2
1100101
What is 5744 (base 8) in base 3?
11011202
-140 (base 16) to base 8
-500
-2462 (base 13) to base 5
-131100
-211221100 (base 3) to base 5
-1013342
-3703 (base 11) to base 2
-1001011101011
Convert -203 (base 15) to base 10.
-453
What is -2311 (base 5) in base 4?
-11023
Convert 535 (base 11) to base 9.
784
-1241 (base 6) to base 7
-625
Convert 434022 (base 6) to base 8.
106036
-3525 (base 11) to base 10
-4625
-53 (base 6) to base 12
-29
336 (base 9) to base 2
100010100
What is -1010110111001 (base 2) in base 3?
-21121222
Convert 1127 (base 16) to base 13.
1cca
1223240 (base 5) to base 15
6eb5
What is -5a7 (base 14) in base 4?
-101213
What is 499 (base 10) in base 11?
414
What is 1514 (base 12) in base 7?
10120
e5 (base 16) to base 5
1404
What is -1010110100 (base 2) in base 6?
-3112
Convert 1011011 (base 2) to base 12.
77
-1001000001 (base 2) to base 11
-485
-56026 (base 7) to base 8
-33403
Convert 2212100 (base 3) to base 12.
1260
What is -59376 (base 10) in base 12?
-2a440
Convert 2692 (base 15) to base 8.
20055
Convert -3442 (base 6) to base 11.
-684
What is 2ac (base 13) in base 14?
264
-32231 (base 6) to base 13
-2014
Convert 1311 (base 4) to base 2.
1110101
Convert -3f39 (base 16) to base 13.
-74a0
Convert -16 (base 15) to base 16.
-15
-63260 (base 10) to base 12
-30738
Convert 11112312 (base 4) to base 11.
15538
Convert -242014 (base 6) to base 14.
-7a0a
Convert -601 (base 10) to base 8.
-1131
-1084 (base 12) to base 13
-aa8
-6461 (base 9) to base 15
-161d
53275 (base 9) to base 14
cb9c
Convert -4221 (base 6) to base 5.
-12244
202011 (base 4) to base 14
b1b
What is -100110001010010 (base 2) in base 11?
-13752
What is -52444 (base 6) in base 2?
-1101110101100
What is 1177 (base 8) in base 5?
10024
-7c69 (base 14) to base 16
-5495
What is de8 (base 16) in base 14?
1424
Convert 2cb (base 14) to base 10.
571
Convert 26600 (base 7) to base 13.
3344
1177 (base 8) to base 5
10024
-15241 (base 13) to base 2
-1001110000000001
184 (base 10) to base 15
c4
What is 197 (base 12) in base 3?
100121
What is 111222 (base 3) in base 6?
1425
-5232 (base 11) to base 10
-6932
606 (base 13) to base 8
1774
What is 3405 (base 7) in base 14?
63c
Convert -7d89 (base 15) to base 10.
-26679
2000 (base 6) to base 8
660
3476 (base 8) to base 5
24404
What is -10011100000 (base 2) in base 16?
-4e0
Convert 11516 (base 7) to base 15.
d52
What is -2344 (base 7) in base 15?
-3ca
What is -742 (base 11) in base 14?
-47b
1513 (base 6) to base 9
500
1034 (base 5) to base 12
100
What is -1330 (base 9) in base 11?
-829
What is -41c (base 16) in base 4?
-100130
Convert -12b (base 15) to base 8.
-412
Convert 60398 (base 10) to base 6.
1143342
Convert 3943 (base 15) to base 13.
5736
Convert 159 (base 14) to base 9.
335
What is 133233 (base 4) in base 8?
3757
Convert -66264 (base 7) to base 9.
-24703
What is -3776 (base 13) in base 3?
-101210112
Convert 12 (base 3) to base 2.
101
19550 (base 10) to base 6
230302
4484 (base 16) to base 11
121a6
Convert 277 (base 9) to base 14.
128
Convert -8d7 (base 16) to base 6.
-14251
33010 (base 6) to base 3
20020020
Convert -100110 (base 2) to base 4.
-212
2516 (base 9) to base 16
756
Convert -2cc (base 16) to base 4.
-23030
-2201111 (base 4) to base 10
-10325
26b3 (base 12) to base 10
4455
What is -1857 (base 14) in base 9?
-6016
1005041 (base 6) to base 12
23781
Convert 1100010111100101 (base 2) to base 5.
3110121
-10210200 (base 4) to base 7
-105402
-10122332 (base 4) to base 12
-a592
What is -15a20 (base 11) in base 7?
-122452
What is -465 (base 7) in base 15?
-113
What is -101001211 (base 3) in base 12?
-42b7
What is 4932 (base 16) in base 13?
86b5
Convert 539 (base 13) to base 14.
47b
-a287 (base 13) to base 11
-15931
190a (base 11) to base 4
211332
What is 13020320 (base 4) in base 9?
44088
Convert -10965 (base 10) to base 2.
-10101011010101
What is 362 (base 11) in base 13?
272
What is 197 (base 16) in base 14?
211
-11110010 (base 2) to base 15
-112
What is 8204 (base 10) in base 3?
102020212
What is -1419 (base 13) in base 2?
-101101001111
111001001110 (base 2) to base 6
24542
-2671 (base 11) to base 5
-102331
a6 (base 16) to base 15
b1
-2c35 (base 14) to base 13
-3789
What is -14433 (base 12) in base 9?
-42683
-53a (base 14) to base 5
-13112
9472 (base 12) to base 9
24215
Convert -d944 (base 16) to base 5.
-3234440
What is -786 (base 9) in base 12?
-459
Convert -521 (base 9) to base 10.
-424
-111000001 (base 2) to base 9
-548
What is -63d2 (base 14) in base 12?
-9b84
What is 2940 (base 11) in base 15?
11d0
Convert 10001010001101 (base 2) to base 14.
331b
-11411 (base 5) to base 8
-1530
Convert -21167 (base 10) to base 16.
-52af
What is -1152b (base 13) in base 14?
-b760
Convert 20202212 (base 3) to base 6.
34505
-1282 (base 12) to base 15
-95e
Convert -1557 (base 11) to base 14.
-a2a
d597 (base 15) to base 16
b056
Convert -101100000101 (base 2) to base 7.
-11140
-27a0 (base 11) to base 14
-1467
Convert -232 (base 4) to base 13.
-37
Convert 11030313 (base 4) to base 5.
1140203
41024 (base 6) to base 12
3174
What is 3313 (base 6) in base 9?
1040
Convert -43066 (base 10) to base 12.
-20b0a
Convert 9069 (base 14) to base 12.
12419
Convert -503 (base 14) to base 16.
-3d7
What is -64c6 (base 15) in base 11?
-15037
-3273 (base 9) to base 16
-96f
Convert 1723 (base 8) to base 11.
810
What is -4038 (base 9) in base 10?
-2951
What is 331315 (base 7) in base 6?
1125034
52b (base 13) to base 7
2400
Convert 42901 (base 10) to base 2.
1010011110010101
Convert 2155 (base 6) to base 14.
27d
Convert -28198 (base 10) to base 12.
-1439a
Convert -13350 (base 6) to base 13.
-c42
What is -2642 (base 7) in base 12?
-702
-546 (base 8) to base 15
-18d
Convert -203411 (base 5) to base 9.
-10208
Convert 4061 (base 7) to base 3.
1221102
Convert 27706 (base 9) to base 8.
44556
Convert 3802 (base 16) to base 6.
150214
Convert 4877 (base 12) to base 14.
2d87
Convert -1010 (base 8) to base 13.
-310
Convert -90d (base 14) to base 15.
-7d7
-1010110110001 (base 2) to base 8
-12661
Convert -125054 (base 6) to base 12.
-678a
-76267 (base 8) to base 3
-1121210111
Convert -4243 (base 7) to base 11.
-1145
Convert -5101 (base 6) to base 16.
-45d
Convert -22230 (base 6) to base 3.
-11021100
What is 224410 (base 5) in base 7?
32426
405034 (base 6) to base 2
111110111001110
Convert 3345 (base 6) to base 14.
401
What is 2003001 (base 4) in base 5?
232020
1b1 (base 13) to base 7
625
726 (base 11) to base 14
467
Convert -123022 (base 5) to base 4.
-1022122
What is a2 (base 12) in base 5?
442
What is -7aa0 (base 13) in base 4?
-10030233
-2a48 (base 15) to base 4
-2031230
20402 (base 6) to base 12
1702
Convert 26 (base 11) to base 15.
1d
What is -20041 (base 8) in base 2?
-10000000100001
3501 (base 6) to base 4
30331
Convert 38 (base 9) to base 5.
120
Convert -70a (base 15) to base 11.
-1211
What is -5231 (base 9) in base 8?
-7373
101110010 (base 2) to base 10
370
Convert -36622 (base 7) to base 13.
-4483
What is 1121020 (base 3) in base 13?
6ba
Convert 54 (base 7) to base 3.
1110
2155 (base 7) to base 9
1051
Convert -168 (base 15) to base 14.
-191
Convert 18715 (base 11) to base 7.
136150
What is -25 (base 8) in base 12?
-19
Convert -599 (base 11) to base 9.
-872
What is -535 (base 6) in base 4?
-3023
Convert -1bc (base 14) to base 6.
-1402
Convert 5011 (base 8) to base 14.
d17
Convert 162 (base 11) to base 3.
21000
What is -111352 (base 6) in base 15?
-2bd8
Convert 6141 (base 9) to base 2.
1000110001100
What is -1011110000 (base 2) in base 9?
-1025
Convert 204a9 (base 11) to base 2.
111010010111101
-5361 (base 15) to base 7
-102301
What is -38a (base 13) in base 14?
-325
30032 (base 8) to base 3
121220002
Convert -6b2 (base 12) to base 15.
-468
Convert c2 (base 14) to base 15.
b5
What is 192 (